nder when 7388568 is divided by 159.
156
Calculate the remainder when 208272398 is divided by 700.
698
Calculate the remainder when 891391620 is divided by 617.
614
Calculate the remainder when 8475894 is divided by 286.
284
Calculate the remainder when 851610 is divided by 425479.
652
Calculate the remainder when 746284 is divided by 248725.
109
What is the remainder when 31993 is divided by 1481?
892
Calculate the remainder when 169028148 is divided by 117.
3
What is the remainder when 1366910 is divided by 31066?
6
Calculate the remainder when 335742 is divided by 607.
71
Calculate the remainder when 833991 is divided by 251.
169
Calculate the remainder when 2925333 is divided by 1462658.
17
Calculate the remainder when 729322 is divided by 165.
22
Calculate the remainder when 1101614 is divided by 2550.
14
Calculate the remainder when 89502084 is divided by 20675.
9
What is the remainder when 5367247 is divided by 110?
17
Calculate the remainder when 20283336 is divided by 18175.
36
What is the remainder when 1679990 is divided by 335992?
30
What is the remainder when 6172279 is divided by 9?
7
What is the remainder when 21904501 is divided by 5476113?
49
Calculate the remainder when 2609734 is divided by 1304866.
2
What is the remainder when 4056636 is divided by 13?
12
What is the remainder when 112222 is divided by 27709?
1386
Calculate the remainder when 2096114 is divided by 36.
14
What is the remainder when 5451930 is divided by 605764?
54
What is the remainder when 140820335 is divided by 39?
32
What is the remainder when 2741352 is divided by 9?
6
Calculate the remainder when 1079020 is divided by 2383.
1904
What is the remainder when 6069009 is divided by 3034472?
65
Calculate the remainder when 35980 is divided by 1703.
217
What is the remainder when 435421 is divided by 4228?
4165
What is the remainder when 1687790 is divided by 808?
686
What is the remainder when 1263162 is divided by 747?
732
What is the remainder when 290390 is divided by 113?
93
Calculate the remainder when 12778683 is divided by 38.
5
Calculate the remainder when 2663439 is divided by 2522.
207
What is the remainder when 34843 is divided by 4131?
1795
Calculate the remainder when 292178 is divided by 4868.
98
What is the remainder when 16835 is divided by 16828?
7
Calculate the remainder when 3823395 is divided by 25.
20
Calculate the remainder when 197628626 is divided by 483.
482
What is the remainder when 56245519 is divided by 1084?
11
Calculate the remainder when 5299156 is divided by 1766382.
10
Calculate the remainder when 6171579 is divided by 104603.
2
Calculate the remainder when 10130 is divided by 352.
274
Calculate the remainder when 844396 is divided by 753.
283
Calculate the remainder when 810380 is divided by 288.
236
What is the remainder when 668842 is divided by 556?
530
What is the remainder when 2610001 is divided by 652481?
77
What is the remainder when 17640648 is divided by 12208?
88
What is the remainder when 1339595 is divided by 46069?
3594
Calculate the remainder when 10974 is divided by 478.
458
Calculate the remainder when 51030309 is divided by 903.
876
Calculate the remainder when 45582 is divided by 5985.
3687
What is the remainder when 679271 is divided by 712?
23
What is the remainder when 362534 is divided by 72428?
394
What is the remainder when 85539 is divided by 85325?
214
Calculate the remainder when 869239 is divided by 411.
385
Calculate the remainder when 418986 is divided by 5069.
3328
What is the remainder when 160992505 is divided by 9?
1
What is the remainder when 54915 is divided by 4216?
107
Calculate the remainder when 291435 is divided by 291368.
67
Calculate the remainder when 262473 is divided by 2678.
29
Calculate the remainder when 144291 is divided by 141.
48
Calculate the remainder when 4111714 is divided by 8142.
4
Calculate the remainder when 327526 is divided by 261.
232
What is the remainder when 65708771 is divided by 10779?
10766
What is the remainder when 1789024 is divided by 8399?
37
Calculate the remainder when 80512 is divided by 634.
628
What is the remainder when 112810104 is divided by 67?
60
What is the remainder when 4531445 is divided by 11831?
172
Calculate the remainder when 820289 is divided by 51268.
1
Calculate the remainder when 2960848 is divided by 74021.
8
What is the remainder when 417429749 is divided by 741?
737
Calculate the remainder when 986998 is divided by 4339.
2045
What is the remainder when 116617 is divided by 58199?
219
What is the remainder when 250923241 is divided by 44?
41
Calculate the remainder when 5445643 is divided by 1063.
957
What is the remainder when 233950 is divided by 233932?
18
What is the remainder when 289030 is divided by 1700?
30
Calculate the remainder when 2625958 is divided by 7.
6
Calculate the remainder when 12116566 is divided by 137.
12
Calculate the remainder when 1970125 is divided by 37886.
53
Calculate the remainder when 1086172 is divided by 56.
52
What is the remainder when 312631 is divided by 290?
11
What is the remainder when 120763 is divided by 114?
37
What is the remainder when 112442 is divided by 22457?
157
What is the remainder when 2550514 is divided by 637625?
14
Calculate the remainder when 12608249 is divided by 57836.
1
Calculate the remainder when 18758 is divided by 6252.
2
What is the remainder when 15575689 is divided by 2225093?
38
What is the remainder when 6862 is divided by 4284?
2578
Calculate the remainder when 436400 is divided by 215.
165
What is the remainder when 223597 is divided by 7205?
242
Calculate the remainder when 20745095 is divided by 291.
287
What is the remainder when 176852481 is divided by 59?
40
Calculate the remainder when 182650 is divided by 32.
26
What is the remainder when 1474638 is divided by 147443?
208
What is the remainder when 1111931 is divided by 138973?
147
What is the remainder when 10525 is divided by 93?
16
Calculate the remainder when 6601059 is divided by 471503.
17
What is the remainder when 2486672 is divided by 890?
12
What is the remainder when 1727951 is divided by 431440?
2191
Calculate the remainder when 115252 is divided by 11490.
352
Calculate the remainder when 17790748 is divided by 494186.
52
Calculate the remainder when 5107000 is divided by 851112.
328
What is the remainder when 575773 is divided by 7676?
73
What is the remainder when 68778093 is divided by 34?
3
What is the remainder when 88128 is divided by 2592?
0
Calculate the remainder when 19061 is divided by 2639.
588
What is the remainder when 11954060 is divided by 29?
28
What is the remainder when 82116424 is divided by 714?
712
What is the remainder when 60480 is divided by 554?
94
Calculate the remainder when 1934687 is divided by 386937.
2
Calculate the remainder when 2864524 is divided by 448.
12
What is the remainder when 1945008 is divided by 8922?
12
Calculate the remainder when 201631 is divided by 100814.
3
What is the remainder when 229522 is divided by 1375?
1272
What is the remainder when 10586782 is divided by 216?
190
What is the remainder when 14782884 is divided by 233?
199
Calculate the remainder when 10376 is divided by 136.
40
What is the remainder when 419181 is divided by 1745?
381
What is the remainder when 20154307 is divided by 106?
103
Calculate the remainder when 13160 is divided by 12812.
348
Calculate the remainder when 1857563 is divided by 66341.
15
Calculate the remainder when 5257484 is divided by 62589.
8
Calculate the remainder when 312725637 is divided by 1364.
1357
Calculate the remainder when 32262 is divided by 2691.
2661
What is the remainder when 17092930 is divided by 26?
10
Calculate the remainder when 906183 is divided by 2705.
8
Calculate the remainder when 201910587 is divided by 2614.
2613
Calculate the remainder when 15153015 is divided by 106.
103
What is the remainder when 16346632 is divided by 2335225?
57
What is the remainder when 7605580 is divided by 507032?
100
Calculate the remainder when 39765063 is divided by 33.
30
Calculate the remainder when 33190 is divided by 15.
10
Calculate the remainder when 277541 is divided by 332.
321
What is the remainder when 6562003 is divided by 6561995?
8
What is the remainder when 5680157 is divided